Let a(p) = 2*p**2 + 13*p + 3. Let i be 6/(-27) + 52/(-9). Let l be a(i). Let h(n) = 5*n + 8. Let j(q) = 2*q + 4. Let v(y) = l*h(y) + 7*j(y). What is v(0)?
4
Let u(d) be the third derivative of 5/3*d**3 + 6 + 24*d**2 + 1/24*d**4 + 0*d. What is u(-8)?
2
Let h = -16823 - -16826. Let s(k) be the first derivative of 3*k**2 + 2*k + 1. What is s(h)?
20
Let u(l) = -112*l - 1550. Let m(p) = 67*p + 916. Let d(v) = -17*m(v) - 10*u(v). What is d(-4)?
4
Let y(i) = 9*i + 8*i - 2 + i**2 + 6 - 35*i + 11*i. Determine y(6).
-2
Let h(n) = -n - 2. Let b be (-10 + -13 + (-7 - -6))*(-2)/(-4). What is h(b)?
10
Let k = -4 - -4. Let x = 7 + k. Let c(t) = -145*t - 11. Let y(h) = 193*h + 16. Let w(m) = -4*c(m) - 3*y(m). Calculate w(x).
3
Let m(s) = 20199 - s**3 - 10092 + 9*s**2 - 7*s - 10097. Give m(9).
-53
Let i(p) be the second derivative of -2*p**3/3 - 2*p**2 + 3*p. Let r = -13232 - -13229. Give i(r).
8
Suppose -81*i - 1204 = -302*i + 4542. Let q(n) = -n**3 + 27*n**2 - 24*n - 63. Give q(i).
-11
Let t(n) = n**2 - 7*n + 6. Let j be (0 + 3/(-15))*2*-5. Let s be (j/6)/((-39)/(-36) - 1). Calculate t(s).
-6
Let u be 100/35 + (-1)/(-7). Suppose 2*t + 33 = m - u*t, -3*t + 53 = 2*m. Let r = m - 23. Let g(s) = -4*s + 7. What is g(r)?
-13
Let m = 5 - 2. Let p(k) = 2*k**3 - k**3 + 5 - m + 4*k**2. Suppose -29*g - 145 + 29 = 0. Calculate p(g).
2
Let j(z) = -49*z**2 - 12*z + 4. Let i(r) = -17*r**2 - r + 1. Let v(b) = -3*i(b) + j(b). Suppose 5*m = 2*k + 4 - 18, 5*m - 28 = -4*k. What is v(k)?
36
Suppose 6*t - 414 = 126. Let j(k) = 26 + 27 - 2*k + 26 - t. What is j(-9)?
7
Let c(f) = f**2 + 6*f + 4. Let z be (6 - 2)*2*3/4. Let q be (25/6 - 3)/(1/6). Suppose q*a = -s + z*a, 3*s + a + 10 = 0. Determine c(s).
-1
Let x(n) = -18*n + 3. Let z(d) = 21*d - 2. Suppose -4*w + 1 = -15. Let f(v) = w*z(v) + 3*x(v). Give f(1).
31
Let p(y) = -y**3 - 5*y**2 + 6. Suppose -679*l + 683*l + 20 = 0. Calculate p(l).
6
Let s(u) = -21*u - 43. Let b(z) = 18*z + 45. Let d(a) = -6*b(a) - 5*s(a). Calculate d(-18).
-1
Let o(b) = -b**3 - 2*b**2 + 8*b + 3. Suppose 1011*n = 964*n + 94. What is o(n)?
3
Suppose 57*y = 40*y + 85. Let u(x) = 3*x**2 - 12*x - 9. Let q(b) = -2*b**2 + 8*b + 6. Let t(k) = -7*q(k) - 5*u(k). Calculate t(y).
-2
Let a(t) = -t**3 - 2*t**2 - t + 2. Let c(n) be the second derivative of -n**5/20 - n**4/2 - n**3/2 - 21*n**2/2 + 39*n + 1. Let g be c(-6). Give a(g).
14
Let k(b) = b**3 + 9*b**2 + 6*b - 12. Suppose 5*z - 3*x = -35, 3*z = -87*x + 92*x - 21. What is k(z)?
44
Let p be (98/(-14) + 8)/(2/4). Let a(q) = 18*q**2 + 0*q + 21*q**2 - 36*q**p - q + 1. Give a(0).
1
Suppose -8 - 4 = -3*w. Let s(u) = u - 17. Let g(p) = -2*p. Let i(k) = 6*k - 29. Let r(z) = -2*g(z) - i(z). Let x(y) = -6*r(y) - 10*s(y). Determine x(w).
4
Let d(w) be the third derivative of 0 + 0*w + 1/6*w**4 + 152*w**2 - 1/120*w**6 - 1/6*w**3 - 1/20*w**5. Determine d(-3).
-13
Suppose -l = -2*r + 21, -3*r + 2*l + 8 = -26. Let p(j) = 0*j + 36847*j**3 + 9*j + 3*j**2 - 10 - 36848*j**3 + 4*j**2. Calculate p(r).
-2
Let x = -5331 + 5326. Let u(k) = k**3 + 3*k**2 - 7*k + 1. Calculate u(x).
-14
Let o be 0 + (-2 - -1)*0. Let t(h) = h - 5*h + o*h - 6. Let q = -38163 + 38158. Give t(q).
14
Let s(m) be the second derivative of -7*m**3/6 - 30*m**2 + 29*m + 1. Calculate s(-9).
3
Let g(p) = 5*p**2 - 2*p + 3. Let y be g(1). Let z(h) = -h**2 + 6*h - 7. Let k be z(y). Let s(l) = -l**2 - 7*l - 7. What is s(k)?
-7
Let f(b) = -b - 99 + 5*b**2 - b**3 + 8*b - 48 + 141. What is f(6)?
0
Let z be 0 + (19 - 14)*5/(-5). Let y(h) = -h**2 - 2*h - 3. What is y(z)?
-18
Let u(v) = -3*v - 14. Suppose -5*o + 16*o + 28*o + 390 = 0. Give u(o).
16
Let z(y) = 79*y**2 - 71*y + 18. Let g(k) = 93*k**2 - 82*k + 21. Let v(r) = 13*g(r) - 15*z(r). Determine v(2).
97
Let v(o) = -o**3 + 0*o**3 - 8 - 4*o**2 + 8 + 4. Let l be (-1 + 1/2)*-4. Suppose 3*q + 2*q = 5*r + 20, -4*q = -l*r - 10. What is v(r)?
-5
Let g(w) = -w + 2. Let r(b) = -b**3 + 7*b**2 - 5*b - 4. Let h be r(6). Give g(h).
0
Let d be (102/9)/2 - (-30)/(-18). Suppose 7*t - 9*t = -3*f - 16, t - 18 = d*f. Let n(g) = -5*g**3 + 2*g**2 + g + 1. Give n(t).
-29
Let o be (-2)/(-2 - -1) + 14. Suppose 2*u + 0*v - 3*v + o = 0, -33 = 5*u - 4*v. Let z be 4 - u/(-5)*0. Let q(d) = d**2 - 6*d + 6. What is q(z)?
-2
Let r(p) = 216*p - 18585. Let f be r(86). Let g(t) = -3 + 7*t - 3 + 4*t + t**2. Give g(f).
-24
Let u(t) be the first derivative of 2*t**2 - 31*t + 675. Calculate u(7).
-3
Let n(h) be the first derivative of h**3/3 + 6*h**2 + 4*h + 1143. Calculate n(-11).
-7
Let h(g) = -g**3 + 8*g**2 - 2*g + 24. Let k(w) = -w**3 + 3*w**2 + 5. Let r(t) = -h(t) + 4*k(t). Give r(3).
-43
Let k be (16/(-10))/(473/(-165) + 3). Let o be (k/7)/((-48)/(-168)). Let m(a) = -a**3 + 7*a + 8 + 0*a - a**2 - 4*a**2. What is m(o)?
2
Let l be (-1 - -1)/((-13)/(-13)). Suppose l = 14*m - 18*m - 20. Let z(t) = 3*t - 4. Determine z(m).
-19
Let h(n) = n - 1. Let d be h(3). Let r(a) be the third derivative of a**6/60 - a**5/30 + a**3/6 + 101*a**2 + a - 2. Calculate r(d).
9
Let m = 35 - 30. Suppose -5*l + m*b + 33 = -2, -l = b - 1. Let n(z) = l*z + 1 - 6 + 5. What is n(1)?
4
Suppose -70 + 28 = 6*j. Let t(s) = -5*s - 8. What is t(j)?
27
Let v(k) = -2*k. Suppose 2*y + 96 = -150. Let n = -117 - y. What is v(n)?
-12
Let x(i) = -2*i**3 + 4*i**2 + 4. Let p(d) = -2*d**2 + d + 3. Let w be p(-2). Let s = w - -7. Suppose 5*a + 10 = -5*z, 4*z - 2 + 22 = s. Determine x(a).
-14
Let n(l) = -6*l**3 - 7 + 6*l**3 - 11*l + 0*l**2 + 27 - l**3 + 10*l**2. Calculate n(9).
2
Let t(p) = 4*p**2 + 34*p + 5. Suppose 18*k + 5*w = 17*k + 17, 0 = 3*k + 3*w + 9. What is t(k)?
-11
Suppose 7*j - 69 - 1 = 0. Let i(t) = -t**2 + 21*t - 112. Let r be i(j). Let m(o) = -o**3 - o**2 - o + 1. What is m(r)?
7
Let j(n) = 6*n**2 + 5*n + 20. Let r(s) = -3*s**2 - 3*s - 11. Let h(k) = 6*j(k) + 11*r(k). Let w(l) = -l**3 - 5*l**2 + 7*l + 4. Let z be w(-6). Give h(z).
17
Let u be ((-10)/(-6))/(-5)*-3. Let g = -275 + 277. Let c(v) = -v**g - 200*v + 1 + 200*v + 0*v**2 - 10*v**3. Calculate c(u).
-10
Let f(c) = -3*c + 1. Suppose -2*x + v - 4 = -4*x, 4*x + 4*v = 8. Let t be (-140)/40 - (-1)/x. Let q be (-3*t/(-18))/((-1)/(-4)). What is f(q)?
7
Let t(v) = -v**2 - 4*v**2 + 5*v**2 - v**2 - 265*v + 275*v - 13. What is t(11)?
-24
Let s be -16 - -7*(-234)/(-91). Let j(i) = 3*i**3 + 6*i**2 - 20*i + 8. Give j(s).
16
Suppose 3*c + 139 = 5*b, 0 = -4*b + c + 255 - 148. Let d(g) = -4*g + 81. What is d(b)?
-23
Let s(q) = 68*q**2 - 2*q**2 + q - 71*q**2 - 21. What is s(0)?
-21
Let u(s) = -s**3 + 7*s**2 - 12*s + 7. Let c be u(2). Let l(k) = 8*k**2 - 12*k - 3*k**2 - k**2 + 10*k - c*k**2. Give l(2).
0
Let z(f) = -f**3 + f**2 - 39*f - 6 + 16 + 32*f - 1. Determine z(2).
-9
Let n(f) = -3*f - 17. Let h be n(-8). Suppose -h*x - 76 = -118. Let z(v) = -2*v**2 + 6*v + 4. Determine z(x).
-32
Let j(u) = -6*u + 4*u - u + 1 + 2*u. Let n be (-39)/12 - (-1)/4. Let z = 9 + n. What is j(z)?
-5
Suppose -s + 2366 = 4*r, -5*r + 5*s + 4177 - 1232 = 0. Let i = -598 + r. Let w(a) = -3*a**2 - 20*a. Calculate w(i).
-7
Let a be (-3)/((-12)/128) - 0. Let x = a - 31. Let y(i) = 145 - 434 + 146 + 6*i + 144. What is y(x)?
7
Let k(u) be the second derivative of -5/6*u**3 + 0 + 2*u**2 + 132*u. Calculate k(4).
-16
Let p(k) = k**2 + 5*k + 4. Let c = 935 - 917. Suppose 0 = 21*g - 16*g + 3*i + 46, 3*g + c = 3*i. Give p(g).
28
Let f(b) be the third derivative of -b**6/120 + 13*b**5/60 + b**4/4 + 5*b**3/6 + 491*b**2. What is f(14)?
-107
Let i(a) = -a**2 + 3*a - 6. Let l be 684/285*(-1 + (-38)/(-3)). Suppose 3*k - 2*g = 3*g - 9, 2*k + 2*g - 10 = 0. Suppose -l = -6*b + k. Determine i(b).
-16
Let l(x) = -8*x + 10. Let q(p) = -7*p + 10. Let k(g) = 6*l(g) - 7*q(g). Suppose 5*c + 35 = 0, -3*u = -58*c + 62*c - 2. Determine k(u).
0
Let m(y) = -2*y**2 - 5*y. Suppose 5*f + 60 = 5*n, -85*f + 90*f + n = -18. Calculate m(f).
-25
Let c(z) = 57*z + 6. Let s(o) = -63*o - 5. Let w(p) = 3*c(p) + 4*s(p). Give w(-1).
79
Let j(r) = 4*r + 2*r - r**2 + 7 - 11*r + 2*r. Let t(c) = c + 6. Let k be t(-5). Let h be k*(-4)/(-8)*-10. Determine j(h).
-3
Suppose -13*h - 11 + 63 = 0. Let d(t) = 5*t**3 + 21*t**2 + 17*t + 12. Let c(j) = -9*j**3 - 42*j**2 - 35*j - 24. Let k(x) = h*c(x) + 7*d(x). Calculate k(-20).
8
Suppose -6*m + 5*m = -60. Let a be (m/70)/(2/(-14)). Let j(n) = -7*n - 10. Let x(k) = -20*k - 30. Le